6431?
False
Is 510167610 a multiple of 423?
True
Is 789787584 a multiple of 192?
True
Does 17 divide 11793427?
True
Does 6254 divide 296452108?
True
Does 1396 divide 463550176?
True
Does 142 divide 197473268?
False
Is 816322705 a multiple of 3979?
False
Does 13 divide 10031840?
True
Does 15 divide 102984360?
True
Is 8 a factor of 413539448?
True
Is 65991996 a multiple of 9?
True
Does 842 divide 19994522?
False
Is 905057852 a multiple of 49?
False
Is 29530560 a multiple of 608?
True
Is 6 a factor of 6725160?
True
Is 25033554 a multiple of 182?
True
Is 673419317 a multiple of 21?
False
Is 26054403 a multiple of 1649?
False
Does 10 divide 110862478?
False
Is 380 a factor of 51872660?
True
Does 73 divide 37982662?
False
Does 733 divide 40519507?
True
Is 3417 a factor of 458795509?
False
Is 55 a factor of 351191340?
False
Is 2284 a factor of 906745130?
False
Does 422 divide 69050172?
True
Is 108 a factor of 19598220?
True
Is 899664805 a multiple of 2452?
False
Does 70 divide 28036330?
True
Is 2040 a factor of 844294007?
False
Is 35 a factor of 343921375?
True
Is 17627781 a multiple of 87?
False
Does 117 divide 55081821?
False
Is 16 a factor of 83910964?
False
Is 3 a factor of 67012014?
True
Is 426 a factor of 36808530?
True
Is 14 a factor of 46223842?
True
Is 3431 a factor of 116449766?
False
Is 678941152 a multiple of 2608?
False
Is 290 a factor of 17818470?
True
Is 7 a factor of 1829573074?
True
Is 6 a factor of 147936321?
False
Is 476606263 a multiple of 53?
True
Does 474 divide 824365727?
False
Is 10470524 a multiple of 6?
False
Is 313 a factor of 9213155?
True
Is 1554636 a multiple of 6?
True
Does 258 divide 77897940?
True
Is 774 a factor of 245122292?
False
Is 102060792 a multiple of 72?
True
Is 51390006 a multiple of 1061?
False
Is 142110954 a multiple of 1854?
True
Does 12 divide 5737128?
True
Is 326583371 a multiple of 158?
False
Is 7 a factor of 249928678?
False
Is 31421593 a multiple of 549?
False
Does 615 divide 36104190?
True
Does 21 divide 11878671?
True
Does 2832 divide 1312921331?
False
Is 1679 a factor of 21424010?
False
Is 37 a factor of 110882877?
False
Is 173 a factor of 62286370?
False
Is 87782032 a multiple of 8?
True
Is 20 a factor of 75543305?
False
Is 15 a factor of 25739790?
True
Is 32566089 a multiple of 241?
True
Is 10 a factor of 377638640?
True
Is 7784724 a multiple of 213?
True
Is 53 a factor of 11320853?
True
Is 25067745 a multiple of 413?
False
Is 715778868 a multiple of 266?
True
Does 938 divide 338039254?
True
Is 193 a factor of 142096481?
False
Is 69 a factor of 853054107?
True
Does 264 divide 68470047?
False
Is 1016 a factor of 1562923976?
True
Is 367015872 a multiple of 59?
True
Does 6 divide 101796825?
False
Does 18 divide 1493963280?
True
Does 29 divide 4119131?
True
Does 2744 divide 131379976?
True
Is 312 a factor of 12834120?
True
Is 26071175 a multiple of 4?
False
Does 37 divide 354148534?
True
Does 41 divide 2922030100?
False
Is 73 a factor of 49191123?
True
Is 132 a factor of 45350580?
True
Is 4322917 a multiple of 41?
True
Is 210413315 a multiple of 161?
True
Is 1191675520 a multiple of 11?
False
Does 76 divide 2964012?
False
Is 75865188 a multiple of 6?
True
Is 81 a factor of 2223196632?
True
Does 167 divide 344822347?
False
Is 171010328 a multiple of 488?
True
Is 294 a factor of 214092564?
True
Is 110780927 a multiple of 6?
False
Is 4161 a factor of 462615819?
True
Does 10 divide 111897667?
False
Is 488 a factor of 906084247?
False
Is 58 a factor of 77072778?
True
Is 8606344 a multiple of 341?
False
Is 652832343 a multiple of 193?
True
Is 35390875 a multiple of 1885?
True
Does 2014 divide 43032456?
False
Is 9 a factor of 28451574?
True
Does 13 divide 26317525?
True
Is 247952220 a multiple of 89?
True
Is 19940318 a multiple of 4?
False
Is 15978 a factor of 1309728492?
False
Is 43 a factor of 1023338209?
True
Is 45132362 a multiple of 22?
True
Is 274041625 a multiple of 25?
True
Is 10 a factor of 58268819?
False
Is 383 a factor of 12658916?
True
Is 476951508 a multiple of 22?
True
Does 110 divide 1048677190?
True
Does 5 divide 43952983?
False
Does 43 divide 103335392?
False
Does 107 divide 67447530?
False
Is 252392868 a multiple of 189?
True
Is 25779260 a multiple of 1052?
True
Is 4205 a factor of 4665780296?
False
Does 91 divide 67184390?
True
Is 51731476 a multiple of 1073?
True
Is 60149226 a multiple of 380?
False
Is 23 a factor of 88992906?
False
Does 48 divide 3941470?
False
Is 7305615 a multiple of 1395?
True
Is 18 a factor of 2571494132?
False
Is 528171936 a multiple of 584?
True
Is 3289 a factor of 554508955?
True
Does 37 divide 101089027?
False
Does 460 divide 19791239?
False
Does 114 divide 1745209800?
False
Is 18 a factor of 112606638?
False
Is 549457080 a multiple of 36?
False
Does 165 divide 4338636060?
True
Is 83 a factor of 41369275?
True
Is 140493933 a multiple of 1377?
True
Does 6 divide 590461488?
True
Does 674 divide 654851356?
False
Does 58 divide 10468121?
False
Is 16414299 a multiple of 743?
False
Does 1293 divide 44369948?
False
Does 6 divide 28655316?
True
Is 423 a factor of 215435169?
True
Is 1854080661 a multiple of 4?
False
Is 164559192 a multiple of 921?
False
Is 74885164 a multiple of 194?
True
Is 5372106 a multiple of 6?
True
Is 542017915 even?
False
Does 941 divide 102744967?
True
Is 69 a factor of 82645440?
True
Does 528 divide 115280524?
False
Is 21669652 a multiple of 1263?
False
Is 142097397 a multiple of 415?
False
Is 6560191 a multiple of 2153?
True
Does 1093 divide 503891581?
True
Is 1654125 a multiple of 25?
True
Does 100 divide 7600668?
False
Is 8 a factor of 21304125?
False
Does 245 divide 860094237?
False
Is 4066987 a multiple of 4?
False
Does 1434 divide 44085462?
True
Is 152 a factor of 2653054209?
False
Is 15913942 a multiple of 2?
True
Is 195 a factor of 209888?
False
Is 681458244 a multiple of 186?
True
Is 68019642 a multiple of 448?
False
Does 182 divide 58287866?
True
Is 114872745 a multiple of 39?
True
Is 76 a factor of 88102666?
False
Does 166 divide 17229804?
True
Is 827 a factor of 50999864?
False
Is 28 a factor of 73797416?
True
Is 1093 a factor of 274383441?
True
Is 5454653 a multiple of 8?
False
Is 2024245 even?
False
Is 20 a factor of 1174216880?
True
Does 126 divide 16546320?
True
Does 16 divide 658007257?
False
Is 28519030 a multiple of 34?
True
Is 9 a factor of 11400912?
True
Does 49 divide 1432366971?
True
Is 2708 a factor of 90213981?
False
Does 323 divide 322319628?
False
Does 12 divide 38395776?
True
Is 5056 a factor of 478287488?
True
Does 612 divide 71726343?
False
Is 4260556132 a multiple of 49?
False
Is 14 a factor of 47988630?
False
Is 1091 a factor of 25266683?
False
Does 11 divide 7126130?
True
Is 201 a factor of 194003190?
True
Is 985 a factor of 33530637?
False
Is 21 a factor of 111046782?
True
Does 13 divide 60873319?
True
Does 121 divide 1656032303?
False
Is 99729312 a multiple of 118?
False
Is 178417963 a multiple of 185?
False
Is 5409300 a multiple of 78?
True
Is 2457518645 a multiple of 4867?
True
Is 212996205 a multiple of 15?
True
Does 35 divide 30930760?
True
Is 249 a factor of 55965356?
False
Is 1185525550 a multiple of 110?
True
Is 140 a factor of 27521343?
False
Is 35443097 a multiple of 654?
False
Does 338 divide 553232149?
False
Is 318 a factor of 3160877070?
True
Is 1402696624 a multiple of 314?
False
Is 15 a factor of 67783011?
False
Is 265 a factor of 179053345?
True
Does 2235 divide 1145580288?
False
Is 9 a factor of 185697108?
True
Is 336 a factor of 313001160?
False
Is 48 a factor of 5071095?
False
Does 285 divide 7876260?
True
Does 190 divide 112193670?
True
Is 61 a factor of 710650?
True
Is 465266880 a multiple of 720?
True
Is 12 a factor of 108785976?
True
Is 2147 a factor of 1193369022?
False
Does 44 divide 192855960?
True
Is 3807780408 a multiple of 2923?
True
Does 217 divide 30778990?
False
Is 499 a factor of 574946303?
True
Does 4 divide 242592748?
True
Does 629 divide 86548513?
True
Is 185 a factor of 29337314?
False
Is 91323234 a multiple of 64?
False
Is 23 a factor of 1182209866?
False
Is 22885135 a multiple of 2555?
True
Is 4 a factor of 35577612?
True
Is 11310382 a multiple of 37?
True
Does 30 divide 19393590?
True
Does 35 divide 6367935?
True
Does 1348 divide 80920440?
True
Is 601 a factor of 58